= v**2 + 3*v + 4. Let w be l(-3). What is the units digit of c/(-36) + w/(-18)?
1
Let m(j) = j**3 + j**2 - 3*j + 1. Let q be m(-2). Suppose 0 = 3*k - h + 271, 2*k - h - 85 = q*k. Let f = -52 - k. What is the tens digit of f?
3
Let u = -291 - -380. What is the units digit of u?
9
Let k(x) = -x**2 + 64*x - 523. What is the tens digit of k(51)?
4
Suppose 5*t + 4695 = -2*b + 17441, -t + 5*b = -2533. What is the thousands digit of t?
2
Suppose -2*z + 3*z - 2359 = 2*f, 3*z = -4*f + 7067. What is the tens digit of z?
5
Let q(x) = 51*x - 18. What is the hundreds digit of q(3)?
1
Suppose 0*d + 8 = 4*d. Let s be 0 - -6 - (-1 + 1). Suppose 148 = -d*l + s*l. What is the units digit of l?
7
Let w be 4/(-10)*(-5)/2. Suppose 0 = 2*l + 3*c, -c + 6*c - w = -3*l. Let j = 20 - l. What is the tens digit of j?
2
Suppose -4*j = -9*j. Suppose j = -4*t + 4*a - 2*a + 248, -5*t - 4*a + 323 = 0. What is the tens digit of t?
6
Suppose 33*h + 50 = 38*h. Suppose h*b - 329 = 3*b. What is the tens digit of b?
4
Suppose 3*q - 11 = -2*w, 4*w = q - 9 + 24. Suppose 0 = -w*n + 9*n - 25. Suppose 3*z = n*z - 54. What is the units digit of z?
7
Let z(n) = -11*n - n**2 - 3*n + 0*n**2 - 10. Let a be z(-13). Suppose -8*k = -a*k - 90. What is the tens digit of k?
1
Let i(n) = 64*n**2 + 6*n + 24. What is the hundreds digit of i(-3)?
5
Let i = 169 + -119. Let w = i + 196. What is the tens digit of w?
4
Let f = 88 - -74. Let r = -97 + f. Suppose -v + r = 3*d + 3*v, -d + 5*v + 9 = 0. What is the units digit of d?
9
Suppose -5*z + 4*a + 265 = -259, -4*z + 448 = 4*a. Suppose -5*r = r - z. Let t(x) = x**2 - 14*x - 21. What is the tens digit of t(r)?
5
Suppose -166 = -4*m + 3*m - 2*h, 0 = m + 3*h - 165. What is the hundreds digit of m?
1
Let r(j) = j**2 + 6*j + 4. Let c be r(-7). Suppose c*t - 9*t - 20 = 0. What is the tens digit of t?
1
Suppose 0*l = l - 4. Suppose q = x - 7, q = 5*x - 14 - 5. Suppose -x*u + 43 = l. What is the tens digit of u?
1
Suppose 4*p + 50 = -2*o, 4*o + 4*p = 41 - 157. What is the tens digit of o/4*(-16)/3?
4
Let a = 1629 + -966. What is the hundreds digit of a?
6
Suppose 0 = o - 28 + 24. Suppose 0 = -4*h + z + z + 82, o*h = 3*z + 81. What is the units digit of h?
1
Suppose 2*h - 4*o = -9*o + 1066, -5*o = 4*h - 2122. What is the hundreds digit of h?
5
What is the tens digit of 3*((-9)/(-45))/((-15)/(-9325))?
7
Let l = 77 + -13. What is the tens digit of ((-30)/(-8))/(((-84)/l)/(-7))?
2
Let i(t) = t**2 + t - 1. Let g(u) = 25*u**2 + 4*u - 6. Let b(l) = g(l) - 4*i(l). What is the tens digit of b(-2)?
8
Suppose -1353*f = -1346*f - 26922. What is the thousands digit of f?
3
Suppose -a - 52 + 60 = 0. Suppose 0 = -9*l + a*l + 114. What is the units digit of l?
4
Let o = 54 - 38. Suppose 4*p + 2*b - o = 0, 2 - 21 = -5*p - 2*b. Suppose -p*q + q = -48. What is the units digit of q?
4
What is the hundreds digit of (631/(-2) - 4)*144/(-54)?
8
Suppose 5*i = 485 - 110. Let f = -32 + i. Let g = f + -10. What is the units digit of g?
3
Let k be ((-2)/6)/((-1)/12). Suppose a - 184 = 5*z + k*a, -5*a + 10 = 0. What is the units digit of -1 + ((-4)/1 - z)?
3
Suppose -3*w - 6 = 3. Let d be w*(16/(-6) - -1). Suppose -5*t = 20, 2*c = d*c + t - 77. What is the tens digit of c?
2
Let h = -6076 - -10606. What is the thousands digit of h?
4
Suppose 3*w - 3*n + 840 = 213, n = 3*w + 623. Let r = w + 437. What is the tens digit of r?
3
What is the units digit of 7820/20 + 1 + 10/(-2)?
7
Suppose -z - 5*d - 33 = 0, -z + 0*z = d + 13. Let g(p) = -p**3 - 9*p**2 - 10*p - 10. What is the units digit of g(z)?
6
Let t(r) = -49*r + 10. What is the hundreds digit of t(-7)?
3
Let u = -76 + 76. Suppose u*a - a + 149 = 0. What is the tens digit of a?
4
Suppose -2*d - 1 = -5. Let h(p) = -16*p**2 - 3*p + p**2 + 4*p**2 + 3*p**d - p**3 + 4. What is the tens digit of h(-8)?
2
Suppose -18 + 150 = -3*y. Let c = y + 71. What is the tens digit of c?
2
Let d(p) be the second derivative of -4*p + 23/2*p**2 + 0 - 1/6*p**3. What is the units digit of d(0)?
3
Suppose 257 + 121 = 9*x. What is the tens digit of 813/21 - (-12)/x?
3
Let w(a) = 2*a**3 - 8*a**2 + 4*a - 56. What is the units digit of w(7)?
6
Let n(j) = 5 + 2 - 3*j - 3*j + 6. What is the units digit of n(-4)?
7
Let l(k) = 4*k + 2*k**2 - k**2 + 0*k. What is the units digit of l(-5)?
5
Suppose -2*v + 0 = -6. Suppose -3*q = -4*p - 15 - 35, -q + 8 = v*p. Suppose -q = h - 24. What is the tens digit of h?
1
Let v(x) = -493*x - 3. Let s be v(-1). Suppose 3*f - g = -3*g + 307, -5*f + g = -s. What is the units digit of f?
9
Suppose -4383 = -41*n + 57732. What is the thousands digit of n?
1
Let i = -5 + 11. Suppose -i + 42 = 3*a + 3*r, 4*a + 3*r = 47. Let c = -8 + a. What is the units digit of c?
3
Let t(q) be the second derivative of -5/2*q**2 + 0 + 1/3*q**3 - 3*q. What is the units digit of t(7)?
9
What is the units digit of 28/(-140) - 14646/(-5)?
9
Suppose -4 = -2*n - 0*n. Suppose -12 = -2*m + n*k, -4*m - 3 = 3*k + 1. Let j(a) = 9*a - 2. What is the units digit of j(m)?
6
Let d(n) be the first derivative of -n**4/2 + n**3/3 + 2*n**2 + 3*n + 1. Let q be d(-2). Suppose p = 4*p - q. What is the units digit of p?
5
Let y(a) = -10*a**2 - 16*a - 13. Let i(h) = 51*h**2 + 79*h + 64. Let w(z) = -2*i(z) - 11*y(z). What is the tens digit of w(-6)?
9
Let b(t) = -t**3 + 21*t**2 + 6*t + 3. Suppose 0 = -f + 3*f - 2*h - 32, 0 = 4*f - 5*h - 59. What is the units digit of b(f)?
9
Suppose 0 = -15*s + 11*s - 36. Let k be (-2 - s/2)*2. Suppose -k*f = -3*f - 74. What is the units digit of f?
7
Let c = -64 - -68. Suppose -3*v - 2*v = -2*s - 48, 0 = c*v + 3*s - 43. What is the units digit of v?
0
Let t(w) = -4*w - 5. Let o(z) = 17*z + 20. Let i(f) = -2*o(f) - 9*t(f). Let u be i(-4). What is the units digit of (4/u)/((-1)/18)?
4
What is the hundreds digit of (255/20)/((27/204)/3)?
2
Let n(w) = 316*w**2 - 6*w - 41. What is the hundreds digit of n(-4)?
0
Let q(k) = 6*k**2 + 35*k + 35. Let r(d) = 3*d**2 + 18*d + 17. Let n(v) = -6*q(v) + 13*r(v). What is the tens digit of n(-10)?
7
Let b(v) = 6*v - 81. What is the tens digit of b(33)?
1
Let s(a) = a**2 + 6*a - 6. Let v be s(-7). Let j be (-6)/(-3) - (-1 + v). Suppose -4*k + j*k = 5*p - 208, 5*p - 5*k = 215. What is the tens digit of p?
4
Suppose -4*g + 4 = -2*p, 2*p = 2*g + 3*g - 5. Suppose p*s = 5*s - 15. Suppose -29 = -5*j + s*n, -3 = j - 3*n - 2*n. What is the units digit of j?
7
Let y(q) = -3*q**3 - 32*q**2 + 17*q - 11. What is the units digit of y(-14)?
1
What is the tens digit of (-710)/(12/6)*-2?
1
Let z = 570 + -491. What is the units digit of z?
9
Suppose 23*k - 10990 = -1468. What is the units digit of k?
4
Let p(w) = -50*w + 3. Let l be p(-1). Let v = -4 + l. What is the tens digit of v?
4
Suppose 54 + 18 = 3*k. Suppose -2*u - 4 = 4*p, -2*p - 2*p + k = -5*u. What is the units digit of p?
1
What is the hundreds digit of (310/(-8))/((-1)/20)?
7
Suppose -135*l + 4884 = -133*l. What is the tens digit of l?
4
Let k = -28 - -64. What is the units digit of ((-10)/(-3))/(2/k)?
0
Let z(o) = o**3 - 5*o**2 - 5*o + 5. Let b be -2*(-2)/(4/7). Let w = 13 - b. What is the tens digit of z(w)?
1
Let m(t) = 11*t**2 + 7*t + 10. Suppose 0 = -l + 3*d - 10, -2*l - 5*d - 2 = l. What is the tens digit of m(l)?
5
Let i be 12/(-9)*(-9)/(-6). Let f be (3 - 5/2)*i. What is the units digit of -34*3/(-6) - f?
8
Let c be (18/(-12))/(2/(-156)). Suppose -4*j + 3*z + 153 = 0, 3*j - 3*z - c = -0*j. What is the tens digit of j?
3
Suppose -8*f + 5394 = -5*f. What is the units digit of f?
8
Let n be (0 + -2)*(-6 - 4). Suppose -2*y + 40 = -4*r, 0 = 4*r + 3*y + 20 + n. Let t = 16 - r. What is the tens digit of t?
2
Let l(t) = 45*t + 1. Let v be l(1). Let g be v*(-2)/(-6 + 2). Let y = -8 + g. What is the tens digit of y?
1
Suppose -514*q + 524*q - 29040 = 0. What is the units digit of q?
4
Let n = 9844 - 5124. What is the tens digit of n?
2
Let j(c) = 315*c + 28. Let n be j(-9). What is the tens digit of 4/(-14) - n/49?
5
Suppose 4*y = 6 + 6. Suppose -2*l = -3*m + 899, 0 = 2*m - y*l - 902 + 311. What is the units digit of m?
3
Let o(h) = -h**2 + 55*h - 8. What is the units digit of o(22)?
8
Let a = -9 + 70. Let y = a + -39. What is the tens digit of 1004/44 - (-4)/y?
2
Let a(r) = -34*r - 212. What is the tens digit of a(-18)?
0
Let r(j) = j**3 - 15*j**2 - 3*j - 50. What is th